{"id":15634,"date":"2024-10-28T12:36:03","date_gmt":"2024-10-28T12:36:03","guid":{"rendered":"http:\/\/new.resifip.net\/?page_id=15634"},"modified":"2024-10-30T06:21:04","modified_gmt":"2024-10-30T06:21:04","slug":"organisation-et-mission","status":"publish","type":"page","link":"https:\/\/resifip.net\/?page_id=15634","title":{"rendered":"Organisation et mission"},"content":{"rendered":"<div class=\"wpb-content-wrapper\"><p>[vc_row][vc_column width=&#8221;1\/1&#8243;]<div class=\"single_image wpb_content_element align-left    \" data-animation=\"none\" data-delay=\"0\"><img loading=\"lazy\" decoding=\"async\" width=\"2156\" height=\"2456\" src=\"https:\/\/resifip.net\/wp-content\/uploads\/2024\/10\/Organigramme.png\" class=\"attachment-full\" alt=\"\" title=\"Organigramme\" srcset=\"https:\/\/resifip.net\/wp-content\/uploads\/2024\/10\/Organigramme.png 2156w, https:\/\/resifip.net\/wp-content\/uploads\/2024\/10\/Organigramme-263x300.png 263w, https:\/\/resifip.net\/wp-content\/uploads\/2024\/10\/Organigramme-899x1024.png 899w, https:\/\/resifip.net\/wp-content\/uploads\/2024\/10\/Organigramme-768x875.png 768w, https:\/\/resifip.net\/wp-content\/uploads\/2024\/10\/Organigramme-1348x1536.png 1348w, https:\/\/resifip.net\/wp-content\/uploads\/2024\/10\/Organigramme-1798x2048.png 1798w, https:\/\/resifip.net\/wp-content\/uploads\/2024\/10\/Organigramme-600x683.png 600w\" sizes=\"auto, (max-width: 2156px) 100vw, 2156px\" \/><\/div>[vc_column_text]<\/p>\n<h2>Nos Missions :<\/h2>\n<ul>\n<li>Cr\u00e9er un cadre de rencontre et d\u2019\u00e9changes entre les instituts des finances publiques d\u2019Afrique et des autres pays souhaitant adh\u00e9rer \u00e0 la conf\u00e9rence ;<\/li>\n<li>Promouvoir les bonnes pratiques en mati\u00e8re d\u2019\u00e9ducation, de formation et de recherch\u00e9 dans le domaine des finances publiques ;<\/li>\n<li>Renforcer le cadre de coop\u00e9ration et de dialogue interculturel entre les acteurs de la formation en finances publiques<\/li>\n<li>Cr\u00e9er une plateforme d\u2019\u00e9changes d\u2019exp\u00e9riences et de partage d\u2019expertise dans la formation et<br \/>\nla gestion des finances publiques entre les instituts d\u2019Afrique, des Cara\u00efbes et Pacifiques souhaitant adh\u00e9rer \u00e0 la conf\u00e9rence<\/li>\n<li>Promouvoir les bonnes pratiques en mati\u00e8re d\u2019\u00e9ducation, de formation et de recherche dans le domaine des finances publiques<\/li>\n<li>Valoriser les mutualisations et les synergies entre les instituts des finances publiques<\/li>\n<li>Renforcer les cadres de coop\u00e9ration et de dialogue interculturel<\/li>\n<\/ul>\n<p>[\/vc_column_text][\/vc_column][\/vc_row]<\/p>\n<\/div>","protected":false},"excerpt":{"rendered":"<p>[vc_row][vc_column width=&#8221;1\/1&#8243;][vc_column_text] Nos Missions : Cr\u00e9er un cadre de rencontre et d\u2019\u00e9changes entre les instituts des finances publiques d\u2019Afrique et des autres pays souhaitant adh\u00e9rer \u00e0 la conf\u00e9rence ; Promouvoir les bonnes pratiques en mati\u00e8re d\u2019\u00e9ducation, de formation et de recherch\u00e9 dans le domaine des finances publiques ; Renforcer le cadre de coop\u00e9ration et de dialogue interculturel entre les acteurs de la formation en finances publiques Cr\u00e9er une plateforme d\u2019\u00e9changes d\u2019exp\u00e9riences et de partage d\u2019expertise dans la formation et la gestion des finances publiques entre les instituts d\u2019Afrique, des Cara\u00efbes et Pacifiques souhaitant adh\u00e9rer \u00e0 la conf\u00e9rence Promouvoir les bonnes pratiques en mati\u00e8re d\u2019\u00e9ducation, de formation et de recherche dans le domaine des finances publiques Valoriser les mutualisations et les synergies entre les instituts des finances publiques Renforcer les cadres de coop\u00e9ration et de dialogue interculturel [\/vc_column_text][\/vc_column][\/vc_row]<\/p>\n","protected":false},"author":1,"featured_media":0,"parent":0,"menu_order":0,"comment_status":"closed","ping_status":"closed","template":"","meta":{"footnotes":""},"class_list":["post-15634","page","type-page","status-publish","hentry"],"_links":{"self":[{"href":"https:\/\/resifip.net\/index.php?rest_route=\/wp\/v2\/pages\/15634","targetHints":{"allow":["GET"]}}],"collection":[{"href":"https:\/\/resifip.net\/index.php?rest_route=\/wp\/v2\/pages"}],"about":[{"href":"https:\/\/resifip.net\/index.php?rest_route=\/wp\/v2\/types\/page"}],"author":[{"embeddable":true,"href":"https:\/\/resifip.net\/index.php?rest_route=\/wp\/v2\/users\/1"}],"replies":[{"embeddable":true,"href":"https:\/\/resifip.net\/index.php?rest_route=%2Fwp%2Fv2%2Fcomments&post=15634"}],"version-history":[{"count":5,"href":"https:\/\/resifip.net\/index.php?rest_route=\/wp\/v2\/pages\/15634\/revisions"}],"predecessor-version":[{"id":15711,"href":"https:\/\/resifip.net\/index.php?rest_route=\/wp\/v2\/pages\/15634\/revisions\/15711"}],"wp:attachment":[{"href":"https:\/\/resifip.net\/index.php?rest_route=%2Fwp%2Fv2%2Fmedia&parent=15634"}],"curies":[{"name":"wp","href":"https:\/\/api.w.org\/{rel}","templated":true}]}}